e factors of (-10)/(-4) - 973/(-14)?
2, 3
What are the prime factors of (5/(-2) - -1) + 889/14?
2, 31
Let b(c) = c**3 + 2*c**2 + c + 1. Let l be b(-2). Let x(f) = -6*f**3 - 2*f**2 - 2*f - 1. List the prime factors of x(l).
5
List the prime factors of 8845/29 - (1 + (-4)/(-2)).
2, 151
Let a(p) = -5*p**2 - 4*p + 7. Let v(y) = 11*y**2 + 9*y - 15. Let r(u) = -9*a(u) - 4*v(u). Let z be r(3). Suppose 4*s - z = 6. What are the prime factors of s?
3
Let l = 93 + -61. List the prime factors of l.
2
Suppose 4*a = -12, 4 - 7 = -3*b + a. Suppose 6 = -0*k - 2*k - o, b = 5*k - o + 8. What are the prime factors of k*(2 + 2)*-1?
2
Suppose -15 = -5*r - u, 5*r = 4*u - 0 - 10. Suppose -5*f + r*f = -5*m + 92, -4*m + 4*f = -80. List the prime factors of m.
2
Let a(t) = t**3 - 3*t**2 + 5*t - 21. What are the prime factors of a(5)?
2, 3
Suppose 0 = 5*t - z + 140, -z + 84 = -3*t - 3*z. List the prime factors of t/((-6)/3) + -1.
13
Let l be (20/4)/(2 + -1). Let j = 8 - l. List the prime factors of j.
3
Suppose -2*i = 5*i - 1239. What are the prime factors of i?
3, 59
What are the prime factors of 9429/27 + 8/(-36) + -2?
347
What are the prime factors of 11/((-33)/(-18)) - -2?
2
Suppose 3*i - 7 + 20 = 2*x, -65 = -5*x + i. List the prime factors of x.
2, 7
Let m be (4/5)/((-2)/10). Let u(w) = w**2 + 2*w - 4. Let q be u(m). Suppose 3*y - q*y = -4*l - 6, 5*y + 4*l - 54 = 0. What are the prime factors of y?
2, 5
Let w(z) be the first derivative of -7*z**2/2 + 4*z - 6. What are the prime factors of w(-2)?
2, 3
List the prime factors of (4/(-3))/((-2)/45).
2, 3, 5
Let v(u) = -u + 3. Let k be v(-3). Suppose k + 4 = 5*r. List the prime factors of r.
2
What are the prime factors of 292/10 - (-8)/10?
2, 3, 5
Let w be 2/(-8) - (-45)/20. Suppose -5*v + 28 = 2*f, 12 = -0*f - w*f + 5*v. Suppose -7 - 13 = -f*i. What are the prime factors of i?
5
Let b(o) = 4*o**2 + 7*o - 3. Let n(l) = 5*l**2 + 8*l - 2. Let d(g) = 4*b(g) - 3*n(g). Let a be d(-7). List the prime factors of (a/9)/((-1)/(-6)).
2, 5
Suppose -2*o + 9 + 1 = 0. Suppose o*x + 7 - 27 = 0, 0 = -4*a + 5*x + 64. List the prime factors of a.
3, 7
List the prime factors of ((-235)/10)/((-1)/6 - 0).
3, 47
Let l(h) = -112*h + 17. What are the prime factors of l(-1)?
3, 43
Suppose 368 = 4*t + 5*z, -273 - 95 = -4*t + z. What are the prime factors of t?
2, 23
What are the prime factors of ((-1060)/(-30))/(1/3)?
2, 53
Let l(g) = -g**3 + 5*g**2 + 6*g - 4. Let a be l(6). Let f = -6 - a. What are the prime factors of 10 + 0/(f/2)?
2, 5
Let d(o) = 9*o**3 - 4*o + 4. List the prime factors of d(2).
2, 17
Let g(k) = 5*k**2 - 2*k. List the prime factors of g(2).
2
Suppose 8*z - 6*z = 128. List the prime factors of z.
2
Suppose 11 + 3 = 2*l. Suppose -l = -3*b + 23. List the prime factors of b.
2, 5
Let r(n) = -30*n - 8. List the prime factors of r(-12).
2, 11
Let n = 34 + -3. What are the prime factors of n?
31
Let b(z) = -2*z - 2. Let d be b(-2). Suppose 60 = -4*x + 5*p, -5*x - 3*p - 30 = d*p. Let q = x - -17. List the prime factors of q.
7
Suppose 3*o + k = -o + 579, 4*k = -5*o + 721. Let h = -94 + o. List the prime factors of h.
3, 17
Suppose 0 = -2*t + 3*i + 7, -8*t + 4*i = -4*t - 16. Suppose 4 = 3*v - t. List the prime factors of v.
3
Let u(d) = d**3 + 6*d**2 - 8*d - 7. Let h be u(-7). Suppose h = -2*a + 1 + 5. List the prime factors of a.
3
Suppose 2*z = 3*r - 320, r - 6*z = -z + 124. Suppose 3*b - 5*b = -r. What are the prime factors of b?
2, 13
Suppose 4*t - 6*r + r - 33 = 0, 7 = -4*t - 3*r. Suppose 4*l + z - 36 = 0, t*l - 2*z + 4*z = 24. List the prime factors of l.
2
Suppose 0 = -7*l + 2*l + 15. Suppose -2*a - 13 = -l, 3*g = -a + 49. Let w = g - 12. What are the prime factors of w?
2, 3
Suppose g + 6 = -4*j - 2, 4*j - g = -16. Let u be (j - -1)*(-3)/2. Suppose 30 = u*c - o, 2*o - 20 = -2*c - 3*o. What are the prime factors of c?
2, 5
Suppose 9*z = 11*z - 520. List the prime factors of z.
2, 5, 13
Let l(r) = -2*r**2 + 15*r**2 + 0*r**2. List the prime factors of l(1).
13
Suppose d - 2*d = -2. Let f be d + 2/(-3 - -2). Let l(b) = b**3 + b + 3. List the prime factors of l(f).
3
Let u be 5/(15/12) + 1. Let w = 12 - 6. Suppose w*x - u = 5*x. What are the prime factors of x?
5
Suppose -4*w = w - 10. Let v be (1*w)/(2/16). Suppose -80 = -5*k + 3*f, 4*f - 3*f - v = -k. What are the prime factors of k?
2
Let i = -1 - -5. Let w(h) = -3*h + 8. Let z be w(-8). Suppose -c + 5*k + z = 2*c, 0 = -i*k + 8. What are the prime factors of c?
2, 7
Let l(c) = -c + 10. Let j be l(8). Suppose -v = 2, 2*o + j*v = 5*o - 13. Suppose -5*d = -o*m - 71, 58 = 7*d - 3*d - 2*m. List the prime factors of d.
2
Suppose -2*g = 4*x - 54, 5*x + 0*g + 3*g = 70. Let f = 25 - x. List the prime factors of f.
2, 7
Let k(y) = -y - 7. Let h be k(-7). Suppose h - 25 = -5*l. List the prime factors of l.
5
Suppose 17 = 2*j + 3*q - 44, -15 = 5*q. What are the prime factors of j?
5, 7
Let r(p) = 6*p - 1. Let c be r(2). Suppose 5 + c = 4*i. What are the prime factors of i?
2
Let t be 267/15 + (-1)/(-5). Suppose 0 = -5*z + 2*j + 2 + t, -5*z - j + 5 = 0. Suppose 6*i - 22 = 3*i - 5*o, o = z. List the prime factors of i.
2
Let b be 98/6 - 4/(-6). List the prime factors of b - -4 - (-2)/2.
2, 11
Suppose 2*p + 2*p = 0. Suppose -5*l + 210 - 20 = p. What are the prime factors of l?
2, 19
Let b(n) be the first derivative of n**4/4 - n**3/3 + n**2/2 + 24*n + 3. Let u be b(0). Let a = -7 + u. List the prime factors of a.
17
Let d be 14/91 - (-67)/(-13). List the prime factors of 1/5 + (-219)/d.
2, 11
Let v = 73 + -8. List the prime factors of v.
5, 13
Let m(v) = 6*v**2 - 17*v - 5. List the prime factors of m(-5).
2, 5, 23
Suppose -3*h = 3*q + 471, 0 = -2*q + 3*h + 143 - 467. Let o = -99 - q. Suppose -2*m - 28 = -5*f + 17, -5*m - o = -5*f. What are the prime factors of f?
7
Let q(r) = -r**2 - 9*r - 12. Let t be q(-8). What are the prime factors of (-29)/t + (-2)/8?
7
Let b = 4 - 1. Let c = b - 5. Let h = 5 + c. What are the prime factors of h?
3
Let f be (-4)/(12/(-51)) - 3. Suppose 10 = 2*r - f. What are the prime factors of r?
2, 3
Suppose -2*r + 53 - 11 = 2*k, -2*k = 5*r - 54. Let z(n) = n**3 + n**2 - n + 7. Let x be z(0). Let v = k - x. What are the prime factors of v?
2, 5
Let a = 6 + -6. Let c be (4 - 2) + a/1. Suppose -t + c*t = 2. List the prime factors of t.
2
List the prime factors of ((-4)/(-5) - 56/(-10))*15.
2, 3
Let n be 20/(-30) + (-2)/(-3). Suppose n = -h - 2 - 2. List the prime factors of 6/(-2 - h) - 1.
2
Let d(r) = -4*r**3 - 5*r**2 - 8*r - 6. Let h(k) = k**3 + k. Let l(m) = d(m) + 5*h(m). Suppose 26 = 5*p - 4. List the prime factors of l(p).
2, 3
Let n = 61 - 30. Let c(g) = g**3 - g - 16. Let s be c(0). Let a = s + n. What are the prime factors of a?
3, 5
Let y(g) = g**2 - 3*g - 2. Let d be y(-3). What are the prime factors of 1 + (-4)/(d/(-36))?
2, 5
Let j = 22 - 15. What are the prime factors of j?
7
Let m = 13 - 9. Let y be (0 - 3)/(3/m). What are the prime factors of 41/6 + y/(-24)?
7
Suppose -2*p - 197 = -5*p - 2*m, -200 = -3*p - 5*m. List the prime factors of p.
5, 13
Suppose -a = -3*o + 16, 1 + 3 = -a. Suppose -2*y + 3 = 9. What are the prime factors of 6/o*(-14)/y?
7
Suppose 0 = 4*v - 2*v - 5*z - 54, 2*v - 3*z - 58 = 0. What are the prime factors of v?
2
Let d be (-162)/10 + (-2)/(-10). Let p be (12/d)/(1/(-8)). Suppose -4*m + p = -2*m. What are the prime factors of m?
3
Let p = -29 - -40. What are the prime factors of p?
11
Suppose -u + 0*u = -1. Let n = 17 - u. What are the prime factors of n?
2
Let w be 652/6 + 3/9. Let a = w - 63. List the prime factors of a.
2, 23
Let o(p) = 5*p - 3. List the prime factors of o(4).
17
Let x(p) = 2*p**3 - 3*p**2 - 3*p - 1. What are the prime factors of x(3)?
17
Let b be (-4)/(-16)*10*2. Suppose 7 + 13 = b*i. List the prime factors of i.
2
Suppose -4*a - 4 - 16 = 0. List the prime factors of (-1)/a + (-220)/(-25).
3
Let f = 7 - 3. Let l(o) = o**3 + 3*o**2 - 6*o - 4. Let m be l(-4). Let w = f + m. What are the prime factors of w?
2
Suppose 3*u - 23 = 2*u. Let x be (1 + 0 + -14)*1. Let j = x + u. What are the prime factors of j?
2, 5
Suppose 0 = -2*k, 3*c - 13 = -k - 1. Suppose c*n - 33 - 63 = 0. What are the prime factors of n?
2, 3
Let n(c) = -10*c**2 - 2*c - 1. Let j = 5 + -6. Let d be n(j). Let m(k) = k**2 + 6*k - 11. List the pri